{"id":469,"date":"2026-02-04T13:00:05","date_gmt":"2026-02-04T13:00:05","guid":{"rendered":"https:\/\/24laundry.com\/?page_id=469"},"modified":"2026-02-04T13:00:37","modified_gmt":"2026-02-04T13:00:37","slug":"tietosuoja","status":"publish","type":"page","link":"https:\/\/24laundry.com\/tietosuoja\/","title":{"rendered":"Tietosuoja"},"content":{"rendered":"\n<p>T\u00e4m\u00e4 on 24 Laundryn henkil\u00f6tietolain (10 ja 24 \u00a7) ja EU:n yleisen tietosuoja-asetuksen (GDPR) mukainen rekisteri- ja tietosuojaseloste.<\/p>\n\n\n\n<p>Laatimisp\u00e4iv\u00e4: 26.11.2024<\/p>\n\n\n\n<p><strong>Rekisterinpit\u00e4j\u00e4<\/strong><\/p>\n\n\n\n<p>24 Laundry \/ ShadowSales Oy<br>3112975-5<\/p>\n\n\n\n<p><strong>Yhteystiedot rekisteri\u00e4 koskevissa asioissa<\/strong><\/p>\n\n\n\n<p>24 Laundry <br>tietosuoja@24laundry.com<\/p>\n\n\n\n<p><strong>Rekisteri <\/strong><\/p>\n\n\n\n<p>Toiminnassa k\u00e4ytett\u00e4v\u00e4 rekisteri on 24 Laundryn asiakas- ja markkinointirekisteri.<\/p>\n\n\n\n<p><strong>Rekisterin pit\u00e4misen peruste ja k\u00e4ytt\u00f6tarkoitus <\/strong><\/p>\n\n\n\n<p>Rekisterin pit\u00e4misen peruste on rekister\u00f6idyn suostumus, rekisterinpit\u00e4j\u00e4n oikeutettu etu sek\u00e4 mahdolliset lakis\u00e4\u00e4teiset velvoitteet. Henkil\u00f6tietoja k\u00e4sitell\u00e4\u00e4n vain ennalta m\u00e4\u00e4riteltyihin tarkoituksiin, joita ovat seuraavat: Rekisteriin ker\u00e4t\u00e4\u00e4n tietoja, jotka ovat tarpeen asiakassuhteen hoitamiseen, yll\u00e4pit\u00e4miseen ja kehitt\u00e4miseen; analysointiin ja tilastointiin sek\u00e4 palvelun tuottamiseen, tarjoamiseen ja kehitt\u00e4miseen. Tietoja k\u00e4ytet\u00e4\u00e4n my\u00f6s mainontaan, markkinointiin, suoramarkkinointiin ja markkinoinnin kohdistamiseen asiakkaille. Yhteydenpitoa ja tiedottamista voidaan tehd\u00e4 my\u00f6s s\u00e4hk\u00f6isin keinoin, kuten esimerkiksi s\u00e4hk\u00f6postitse ja tekstiviestein. Asiakkaalla on oikeus kielt\u00e4\u00e4 h\u00e4nelle kohdistettu suoramarkkinointi.<\/p>\n\n\n\n<p><strong>Rekisteriin tallennettavat henkil\u00f6tiedot<\/strong><\/p>\n\n\n\n<p>Yrityksen perustiedot, kuten esimerkiksi yrityksen nimi sek\u00e4 y-tunnus, toimiala, osoite, postinumero ja -toimipaikka, puhelinnumero, s\u00e4hk\u00f6postiosoite, luotto- ja laskutustiedot sek\u00e4 muut mahdolliset tilattuihin palveluihin ja asiakassuhteeseen liittyv\u00e4t tiedot.<br><br>Yrityksen yhteyshenkil\u00f6iden perustiedot, kuten esimerkiksi nimi sek\u00e4 asema yrityksess\u00e4, osoite, postinumero ja -toimipaikka, puhelinnumero, s\u00e4hk\u00f6postiosoite. Tarjous-, sopimus-, ja tilaustiedot, muut tarvittavat dokumentit ja kontaktointien perusteella todennetut tiedot sek\u00e4 muut mahdolliset tilattuihin palveluihin ja asiakassuhteeseen liittyv\u00e4t tiedot.<\/p>\n\n\n\n<p>Yksityishenkil\u00f6iden perustiedot, kuten esimerkiksi nimi, osoite, postinumero ja -toimipaikka, puhelinnumero, s\u00e4hk\u00f6postiosoite. Tarjous-, sopimus-, ja tilaustiedot, muut tarvittavat dokumentit ja kontaktointien perusteella todennetut tiedot sek\u00e4 muut mahdolliset tilattuihin palveluihin ja asiakassuhteeseen liittyv\u00e4t tiedot.<\/p>\n\n\n\n<p><strong>Rekister\u00f6idyn oikeudet<\/strong><\/p>\n\n\n\n<p>Rekister\u00f6idyll\u00e4 on seuraavat oikeudet, joiden k\u00e4ytt\u00e4mist\u00e4 koskevat pyynn\u00f6t tulee tehd\u00e4 osoitteeseen tietosuoja@24laundry.com.<\/p>\n\n\n\n<p>Tarkastusoikeus: Rekister\u00f6ity voi tarkistaa tallentamamme henkil\u00f6tiedot.<\/p>\n\n\n\n<p>Oikeus tietojen oikaisemiseen: Rekister\u00f6ity voi pyyt\u00e4\u00e4 oikaisemaan h\u00e4nt\u00e4 koskevat virheelliset tai puutteelliset tiedot.<\/p>\n\n\n\n<p>Vastustamisoikeus: Rekister\u00f6ity voi vastustaa henkil\u00f6tietojen k\u00e4sittely\u00e4, mik\u00e4li kokee, ett\u00e4 henkil\u00f6tietoja on k\u00e4sitelty lainvastaisesti.<\/p>\n\n\n\n<p>Poisto-oikeus: Rekister\u00f6idyll\u00e4 on oikeus pyyt\u00e4\u00e4 tietojen poistamista, jos tietojen k\u00e4sittely ei ole tarpeen. K\u00e4sittelemme poistopyynn\u00f6n, jonka j\u00e4lkeen joko poistamme tiedot tai ilmoitamme perustellun syyn, miksi tietoja ei voida poistaa. On huomioitava, ett\u00e4 rekisterinpit\u00e4j\u00e4ll\u00e4 voi olla lakis\u00e4\u00e4teinen tai muu oikeus olla poistamatta pyydetty\u00e4 tietoa. Rekisterinpit\u00e4j\u00e4ll\u00e4 on velvollisuus s\u00e4ilytt\u00e4\u00e4 kirjanpitoaineisto Kirjanpitolaissa (luku 2, 10 \u00a7) m\u00e4\u00e4ritellyn ajan (10 vuotta) mukaisesti. T\u00e4m\u00e4n vuoksi kirjanpitoon liittyv\u00e4\u00e4 aineistoa ei voida poistaa ennen m\u00e4\u00e4r\u00e4ajan umpeutumista.<\/p>\n\n\n\n<p>Suostumuksen peruuttaminen: Jos rekister\u00f6ity\u00e4 koskeva henkil\u00f6tietojen k\u00e4sittely perustuu ainoastaan suostumukseen, eik\u00e4 esim. asiakkuuteen tai j\u00e4senyyteen, voi rekister\u00f6ity peruuttaa suostumuksen. Rekister\u00f6ity voi valittaa p\u00e4\u00e4t\u00f6ksest\u00e4 tietosuojavaltuutetulle. Rekister\u00f6idyll\u00e4 on oikeus vaatia, ett\u00e4 rajoitamme kiistanalaisten tietojen k\u00e4sittely\u00e4 siksi aikaa, kunnes asia saadaan ratkaistua.<\/p>\n\n\n\n<p>Valitusoikeus: Rekister\u00f6idyll\u00e4 on oikeus tehd\u00e4 valitus toimivaltaiselle valvontaviranomaiselle, jos h\u00e4n kokee, ett\u00e4 rekisterinpit\u00e4j\u00e4 ei ole noudattanut toiminnassaan soveltuvaa tietosuojas\u00e4\u00e4ntely\u00e4.<\/p>\n\n\n\n<p><strong>S\u00e4\u00e4nn\u00f6nmukaiset tietol\u00e4hteet <\/strong><\/p>\n\n\n\n<p>Tiedot saadaan s\u00e4\u00e4nn\u00f6nmukaisesti yhteys- ja yksityishenkil\u00f6lt\u00e4 itselt\u00e4\u00e4n mm. suoraan j\u00e4rjestelm\u00e4\u00e4n, kotisivujen lomakkeella, mobiilisovelluksen kautta, www-lomakkeilla l\u00e4hetetyist\u00e4 viesteist\u00e4, s\u00e4hk\u00f6postitse, puhelimitse, sosiaalisen median palvelujen kautta, sopimuksista, asiakastapaamisista sek\u00e4 mahdollisista kolmasien osapuolten j\u00e4rjestelmist\u00e4, joiden k\u00e4ytt\u00f6 on palvelun tuottamisen kannalta v\u00e4ltt\u00e4m\u00e4t\u00f6nt\u00e4 (mm. maksu- \/ varaussovellukset), yritysrekistereist\u00e4 ja muista tilanteista, joissa henkil\u00f6 luovuttaa tietojaan. Henkil\u00f6tietoja voidaan ker\u00e4t\u00e4, tallettaa ja p\u00e4ivitt\u00e4\u00e4 my\u00f6s osoite-, p\u00e4ivitys- tai muuta vastaavaa palvelua tarjoavan rekisterinpit\u00e4j\u00e4n rekistereist\u00e4 tai muista kolmansien osapuolten tietokannoista.<\/p>\n\n\n\n<p><strong>Tietojen luovutus ja k\u00e4sittely<\/strong><\/p>\n\n\n\n<p>Rekisterinpit\u00e4j\u00e4 ja t\u00e4m\u00e4n ty\u00f6ntekij\u00e4t k\u00e4sittelev\u00e4t henkil\u00f6tietoja. Suojaamme kaikkia henkil\u00f6tietoja asianmukaisin tietoturvakeinoin mm. palomuurein ja muilla teknisill\u00e4 keinoilla, rajaamalla p\u00e4\u00e4syn tietoihin ja varmistamalla, ett\u00e4 tietoja k\u00e4sitell\u00e4\u00e4n ainoastaan annettujen ohjeiden, my\u00f6nnettyjen k\u00e4ytt\u00f6-oikeuksien sek\u00e4 sopimusten mukaisesti. Voimme my\u00f6s ulkoistaa henkil\u00f6tietojen k\u00e4sittelyn osittain kolmannelle osapuolelle, jolloin takaamme sopimusj\u00e4rjestelyin, ett\u00e4 henkil\u00f6tietoja k\u00e4sitell\u00e4\u00e4n voimassa olevan tietosuojalains\u00e4\u00e4d\u00e4nn\u00f6n mukaisesti ja muutoin asianmukaisesti.<\/p>\n\n\n\n<p>Tietoja voidaan luovuttaa ShadowSales Oy:n (24 Laundry) konserni- tai osakkuusyhti\u00f6ille k\u00e4sitelt\u00e4v\u00e4ksi t\u00e4m\u00e4n tietosuojalausekkeen ja lakien mukaisesti. Lis\u00e4ksi voimme k\u00e4ytt\u00e4\u00e4 alihankkijoita ja kumppaniyrityksi\u00e4, jotka k\u00e4sittelev\u00e4t henkil\u00f6tietoja puolestamme t\u00e4m\u00e4n tietosuojalausekkeen ja lakien mukaisesti. Takaamme n\u00e4iden yritysten kanssa sopimusj\u00e4rjestelyin, ett\u00e4 henkil\u00f6tietoja k\u00e4sitell\u00e4\u00e4n lakien mukaisesti. Emme myy, vuokraa tai luovuta tunnistetun k\u00e4ytt\u00e4j\u00e4n henkil\u00f6tietoja kolmansille osapuolille muissa kuin yll\u00e4 esitetyiss\u00e4 tapauksissa.<\/p>\n\n\n\n<p><strong>Tietojen siirto EU ulkopuolelle<\/strong><\/p>\n\n\n\n<p>Henkil\u00f6tietoja ei l\u00e4ht\u00f6kohtaisesti siirret\u00e4 EU:n tai Euroopan talousalueen ulkopuolelle. Mik\u00e4li tietoja siirret\u00e4\u00e4n Euroopan unionin tai Euroopan talousalueen ulkopuolelle, siirto edellytt\u00e4\u00e4, ett\u00e4 kyseisess\u00e4 maassa taataan tietosuojan riitt\u00e4v\u00e4 taso tai rekisterinpit\u00e4j\u00e4 antaa sopimuslausekkein tai muulla tavoin riitt\u00e4v\u00e4t takeet henkil\u00f6iden yksityisyyden ja oikeuksien suojasta tai rekister\u00f6ity on antanut yksiselitteisen suostumuksen siirtoon.<\/p>\n\n\n\n<p><strong>K\u00e4sittelyn kesto <\/strong><\/p>\n\n\n\n<p>Tietoja k\u00e4sitell\u00e4\u00e4n niin pitk\u00e4\u00e4n, kuin niill\u00e4 on merkityst\u00e4 tietojen k\u00e4ytt\u00f6tarkoituksen n\u00e4k\u00f6kulmasta voimassa olevan lains\u00e4\u00e4d\u00e4nn\u00f6n edellytt\u00e4m\u00e4ll\u00e4 tavalla.<\/p>\n\n\n\n<p><strong>Rekisterin suojauksen periaatteet<\/strong><\/p>\n\n\n\n<p>Rekisterin k\u00e4sittelyss\u00e4 noudatetaan huolellisuutta ja tietoj\u00e4rjestelmien avulla k\u00e4sitelt\u00e4v\u00e4t tiedot suojataan asianmukaisesti. 24 Laundry huolehtii tietoturvasta sek\u00e4 teknisist\u00e4 ja organisatorisista toimenpiteist\u00e4 lains\u00e4\u00e4d\u00e4nn\u00f6n ja yleisten korkeiden standardien mukaisesti suojatakseen henkil\u00f6tietoja luvattomalta ja laittomalta k\u00e4sittelylt\u00e4.<\/p>\n\n\n\n<p>J\u00e4rjestelm\u00e4\u00e4n tallennettuja rekisterin sis\u00e4lt\u00e4mi\u00e4 tietoihin k\u00e4sitell\u00e4\u00e4n luottamuksellisesti ja vain niiden ty\u00f6ntekij\u00f6iden toimesta, joiden ty\u00f6nkuvaan se kuuluu. Rekisterin k\u00e4ytt\u00f6 on suojattu mm. k\u00e4ytt\u00e4j\u00e4kohtaisin tunnuksin, salasanoin sek\u00e4 k\u00e4ytt\u00f6oikeuksin.<\/p>\n\n\n\n<p><strong>Kameravalvonta<\/strong><\/p>\n\n\n\n<p>24 Laundryn toimitiloissa ja niiden ulkopuolella voidaan suorittaa kameravalvontaa. Kameravalvonnasta saatuja henkil\u00f6tietoja k\u00e4sitell\u00e4\u00e4n oikeutetun edun laillisuusperusteella. Kameravalvontaa k\u00e4ytet\u00e4\u00e4n omaisuuden suojaamiseksi, turvallisuuden yll\u00e4pit\u00e4miseksi sek\u00e4 sek\u00e4 tarvittavien oikeusvaateiden, kuten korvausvaatimusten, esitt\u00e4miseksi, selvitt\u00e4miseksi tai puolustamiseksi. Kameratallenteita voidaan k\u00e4ytt\u00e4\u00e4 my\u00f6s esittely- ja koulutustarkoituksessa. Kameratallenteita s\u00e4ilytet\u00e4\u00e4n p\u00e4\u00e4s\u00e4\u00e4nt\u00f6isesti 30 vuorokautta, ellei mahdollinen lains\u00e4\u00e4d\u00e4nn\u00f6llinen velvoite tai oikeus edellyt\u00e4 pidemp\u00e4\u00e4 s\u00e4ilytysaikaa.<\/p>\n\n\n\n<p>Voimme k\u00e4ytt\u00e4\u00e4 valvonnassa apuna vartioimisliikkeit\u00e4, jotka voivat toimeksiantosopimukseen perustuen suorittaa aktiivista tai j\u00e4lkik\u00e4teen tallenteiden tarkastelun kautta tapahtuvaa kameravalvontaa paikallisesti kohteessa tai keskitetysti et\u00e4valvontana h\u00e4lytys- tai muusta palvelukeskuksesta. Tietoja voidaan luovuttaa viranomaisille mm. rikostapauksessa.<\/p>\n\n\n\n<p><strong>Tietosuojaselosteen muuttaminen <\/strong><\/p>\n\n\n\n<p>Rekisterinpit\u00e4j\u00e4 pid\u00e4tt\u00e4\u00e4 oikeuden muuttaa t\u00e4t\u00e4 tietosuojaselostetta informoimalla siit\u00e4 p\u00e4iv\u00e4ttyn\u00e4 verkkosivuillaan osoitteessa www.24laundry.com\/tietosuoja<\/p>\n\n\n\n<p>Muutokset voivat perustua esimerkiksi liiketoiminnan kehitt\u00e4miseen tai muutoksiin lains\u00e4\u00e4d\u00e4nn\u00f6ss\u00e4.<\/p>\n\n\n\n<p><strong>Ev\u00e4steet<\/strong><\/p>\n\n\n\n<p>K\u00e4yt\u00e4mme ev\u00e4steit\u00e4 t\u00e4ss\u00e4 sivustossa k\u00e4ytt\u00e4j\u00e4kokemuksen parantamiseksi, asiakasviestinn\u00e4n optimoimiseksi sek\u00e4 verkkosivuston k\u00e4ytt\u00f6\u00e4 koskevien tietojen ker\u00e4\u00e4miseksi. K\u00e4ytt\u00e4m\u00e4ll\u00e4 verkkosivustoa hyv\u00e4ksyt ev\u00e4steiden k\u00e4yt\u00f6n.<\/p>\n\n\n\n<p><\/p>\n","protected":false},"excerpt":{"rendered":"<p>T\u00e4m\u00e4 on 24 Laundryn henkil\u00f6tietolain (10 ja 24 \u00a7) ja EU:n yleisen tietosuoja-asetuksen (GDPR) mukainen rekisteri- ja tietosuojaseloste. Laatimisp\u00e4iv\u00e4: 26.11.2024 Rekisterinpit\u00e4j\u00e4 24 Laundry \/ ShadowSales Oy3112975-5 Yhteystiedot rekisteri\u00e4 koskevissa asioissa 24 Laundry tietosuoja@24laundry.com Rekisteri Toiminnassa k\u00e4ytett\u00e4v\u00e4 rekisteri on 24 Laundryn asiakas- ja markkinointirekisteri. Rekisterin pit\u00e4misen peruste ja k\u00e4ytt\u00f6tarkoitus Rekisterin pit\u00e4misen peruste on rekister\u00f6idyn suostumus, rekisterinpit\u00e4j\u00e4n [&hellip;]<\/p>\n","protected":false},"author":3,"featured_media":0,"parent":0,"menu_order":0,"comment_status":"closed","ping_status":"closed","template":"","meta":{"footnotes":""},"class_list":["post-469","page","type-page","status-publish","hentry"],"_links":{"self":[{"href":"https:\/\/24laundry.com\/wp-json\/wp\/v2\/pages\/469","targetHints":{"allow":["GET"]}}],"collection":[{"href":"https:\/\/24laundry.com\/wp-json\/wp\/v2\/pages"}],"about":[{"href":"https:\/\/24laundry.com\/wp-json\/wp\/v2\/types\/page"}],"author":[{"embeddable":true,"href":"https:\/\/24laundry.com\/wp-json\/wp\/v2\/users\/3"}],"replies":[{"embeddable":true,"href":"https:\/\/24laundry.com\/wp-json\/wp\/v2\/comments?post=469"}],"version-history":[{"count":1,"href":"https:\/\/24laundry.com\/wp-json\/wp\/v2\/pages\/469\/revisions"}],"predecessor-version":[{"id":470,"href":"https:\/\/24laundry.com\/wp-json\/wp\/v2\/pages\/469\/revisions\/470"}],"wp:attachment":[{"href":"https:\/\/24laundry.com\/wp-json\/wp\/v2\/media?parent=469"}],"curies":[{"name":"wp","href":"https:\/\/api.w.org\/{rel}","templated":true}]}}